 y(-47)?
-2621
Let t(h) = -10351*h - 3602118. Determine t(-348).
30
Let r(u) = -11*u**3 - 35*u**2 - 46*u - 5. Determine r(-2).
35
Let m(s) = -13325*s - 1439087. Calculate m(-108).
13
Let q(d) = d**3 + 302*d**2 + 12830*d + 1489. Calculate q(-51).
10
Let t(i) = i**3 + 4*i**2 - 153*i - 323. What is t(-2)?
-9
Let h(k) = 6173*k - 37026. Give h(6).
12
Let k(h) = h**3 + 25*h**2 - 78*h - 1649. Calculate k(-20).
1911
Let o(p) = -1829*p + 499404. What is o(273)?
87
Let s(n) = n**3 - 200*n**2 - 1023*n - 314. Calculate s(205).
96
Let j(s) = -20*s**2 - 241*s - 735. What is j(-10)?
-325
Let j(a) = 5105*a - 3103816. What is j(608)?
24
Let w(d) = 3*d**3 - 11*d**2 + 1171*d - 4664. Determine w(4).
36
Let n(t) = 24614*t - 492280. Calculate n(20).
0
Let t(s) = 5094*s + 285223. Calculate t(-56).
-41
Let o(z) = 8*z**2 - 2844*z + 14214. Calculate o(5).
194
Let i(k) = -47*k**2 - 51709*k - 51710. Determine i(-1).
-48
Let i(k) = 233*k**3 + 289*k + 289. Give i(-1).
-233
Let a(w) = -w**3 + 527*w**2 - 2971*w - 80792. What is a(521)?
-37
Let m(o) = 29*o**2 + 3047*o + 3041. What is m(-1)?
23
Let r(m) = -16*m**2 - 376*m + 601. What is r(-25)?
1
Let z(d) = 104*d + 6846. Determine z(-66).
-18
Let j(q) = -67*q + 12857. Give j(162).
2003
Let x(u) = 2*u**2 + 51980*u - 1144526. Determine x(22).
2
Let j(o) = o**3 + 52*o**2 - 161*o + 480. What is j(-55)?
260
Let b(i) = -2970*i - 104169. Give b(-35).
-219
Let y(t) = -220223*t - 3303355. Determine y(-15).
-10
Let v(p) = 4920*p - 403447. Calculate v(82).
-7
Let r(c) = c**3 - 138*c**2 + 5605*c - 876560. Calculate r(142).
6
Let y(t) = -2*t**3 - t**2 - 286*t - 1445. Determine y(-5).
210
Let z(p) = 715*p - 52740. Give z(74).
170
Let q(y) = 114674*y - 228912. Determine q(2).
436
Let k(o) = 27449*o + 164754. Determine k(-6).
60
Let c(o) = 34480*o - 482728. Determine c(14).
-8
Let g(m) = 2*m**3 - 13*m**2 - 78*m - 229. Calculate g(11).
2
Let m(x) = x**3 - 79*x**2 - 2311*x + 146975. Determine m(86).
1
Let r(g) = 651102*g - 1953309. Give r(3).
-3
Let v(l) = -2*l**2 - 98*l - 795. Give v(-40).
-75
Let b(a) = 16134*a + 32285. Calculate b(-2).
17
Let a(j) = 889653*j + 8006878. Determine a(-9).
1
Let s(y) = y**3 + 3*y**2 - 56*y + 110. What is s(5)?
30
Let o(f) = f**3 + 13*f**2 + 2*f - 472. Give o(-11).
-252
Let o(s) = -s**3 + 1006*s**2 - 6003*s + 20. Determine o(6).
2
Let s(l) = -l**3 - 126*l**2 - 1170*l - 14. Give s(-116).
1146
Let q(u) = -1594*u - 439948. What is q(-276)?
-4
Let v(c) = -282*c + 43202. Give v(153).
56
Let o(i) = -i**2 - 23928*i - 4133200. Calculate o(-174).
-4
Let v(a) = 3*a**3 - 75*a**2 - 669*a - 94. Calculate v(32).
2
Let y(u) = -50*u**2 + 2692*u + 377. Calculate y(54).
-55
Let o(z) = 32*z**2 - 128*z - 18. Determine o(4).
-18
Let a(l) = l**2 - 68*l - 14472. What is a(-91)?
-3
Let z(n) = -n**2 + 3054*n + 42945. What is z(-14)?
-7
Let d(y) = -12343*y**2 + 74054*y + 12. Calculate d(6).
-12
Let v(c) = -2*c**3 + 104*c**2 + 357*c + 231. Give v(55).
1716
Let p(q) = -3*q**2 - 43*q + 6955. Calculate p(-53).
807
Let x(q) = -23214*q + 2042828. What is x(88)?
-4
Let r(i) = -1914*i - 1904. What is r(-1)?
10
Let y(w) = -10148*w + 52388. What is y(5)?
1648
Let t(x) = 3845*x - 7778. Give t(2).
-88
Let p(k) = -k**3 - 685*k**2 - 5431*k - 10153. Calculate p(-677).
2
Let a(x) = x**2 + 16*x - 27531. What is a(158)?
-39
Let y(m) = m**3 - 214*m**2 - 7048*m + 2. Give y(243).
-241
Let y(o) = -455*o - 158488. Determine y(-348).
-148
Let l(i) = i**3 + 14*i**2 + 16*i - 149. Determine l(-14).
-373
Let q(z) = z**2 - 99*z - 1075. Calculate q(-11).
135
Let o(k) = -9*k**2 - 16254*k + 16253. Calculate o(1).
-10
Let c(w) = -1743*w + 10144. Give c(6).
-314
Let t(l) = l**3 - 5*l**2 + 39*l - 319. Give t(10).
571
Let c(t) = 4471*t - 13493. Calculate c(3).
-80
Let z(r) = 45*r**3 - 255*r**2 - 103*r + 75. Determine z(6).
-3
Let p(o) = -8751*o + 7902151. Determine p(903).
-2
Let f(l) = -l**3 - 2*l**2 + 91087*l + 364319. Calculate f(-4).
3
Let j(r) = -10*r**3 + 771*r**2 + 89*r - 12786. Determine j(77).
-4
Let i(c) = c**2 - 7*c - 1952. What is i(50)?
198
Let g(c) = -15547*c + 4586364. Calculate g(295).
-1
Let o(m) = -2477*m**3 + 19814*m**2 + 15*m + 28. Calculate o(8).
20
Let s(h) = -372343*h + 744675. Give s(2).
-11
Let d(u) = -66*u**2 + 4556*u - 263. Determine d(69).
-125
Let f(o) = 2*o**2 - 152*o - 275. Give f(81).
535
Let j(m) = 6*m**3 - 474*m**2 + 1369*m - 172. Calculate j(76).
-96
Let l(u) = -u**3 + 9*u**2 - 42*u + 326. Determine l(13).
-896
Let b(q) = 142377*q - 1. Give b(0).
-1
Let q(w) = -18*w**3 + 153*w**2 - 97*w + 272. Determine q(8).
72
Let t(l) = -l**2 + 280*l + 17282. What is t(-55)?
-1143
Let a(h) = -274*h - 40277. What is a(-147)?
1
Let r(n) = -3*n**2 + 1732*n - 40057. What is r(24)?
-217
Let u(y) = -y**3 + 195*y**2 + 462*y + 107605. Give u(200).
5
Let c(i) = -i**2 + 44511*i + 222583. What is c(-5)?
3
Let b(d) = 205*d + 686. Calculate b(-4).
-134
Let q(s) = 35*s - 923. Determine q(49).
792
Let n(a) = 3*a**3 + 161*a**2 - 13645*a - 733915. Give n(-54).
-1
Let x(h) = -2*h**2 - 122*h + 5306. Give x(29).
86
Let t(q) = -4*q**3 - 4*q**2 - 33*q + 17. Calculate t(0).
17
Let g(v) = 3*v**3 - 293*v**2 + 351*v - 15108. Give g(97).
121
Let g(j) = -7*j**3 + 14*j**2 + 118*j - 221. Determine g(2).
15
Let r(o) = 1704*o**2 + 1833504*o + 8. Give r(-1076).
8
Let g(q) = 18*q**2 + 9*q - 808. Calculate g(-7).
11
Let f(v) = -3*v**3 - 106*v**2 + 565*v + 231. Determine f(-40).
31
Let z(b) = 2*b**3 - 60*b**2 + 414*b - 221. Determine z(20).
59
Let r(m) = -13463*m**2 - 53924*m + 11. What is r(-4)?
299
Let g(l) = -1262*l + 21496. Give g(17).
42
Let n(a) = 29*a**3 + 15*a**2 - a - 9. Determine n(1).
34
Let z(v) = -10*v**3 - 2989*v**2 - 2949*v + 46. Calculate z(-1).
16
Let v(p) = p**3 + 256*p**2 + 1411*p - 535. What is v(-6)?
-1
Let l(q) = q**2 + 64203*q - 1155969. What is l(18)?
9
Let k(a) = -39*a**3 - 4*a**2 + 75*a + 178. Give k(0).
178
Let q(n) = -9*n**3 + 24*n**2 - 21*n + 2. Calculate q(-4).
1046
Let q(f) = 2810*f - 30861. Give q(11).
49
Let q(n) = -6*n**2 - 1142*n + 4560. Give q(4).
-104
Let q(a) = 116*a**2 + 103909*a - 24194. Calculate q(-896).
-2
Let w(l) = -l**3 - 8*l**2 - 499*l - 6358. Determine w(-12).
206
Let v(i) = i**2 + 103*i + 1012. Give v(-19).
-584
Let o(w) = -338*w**2 + 21959*w + 669. Give o(65).
-46
Let r(h) = -24*h**3 - 695*h**2 + 801*h + 1538. What is r(-30)?
8
Let b(o) = 8*o**2 - 584*o + 8213. What is b(54)?
5
Let c(g) = 382*g - 38207. Calculate c(95).
-1917
Let u(h) = -h**3 + 116*h**2 - 289*h + 33483. Calculate u(116).
-41
Let y(o) = o**3 + 17*o**2 - 29*o + 403. Calculate y(-25).
-3872
Let w(b) = 1484*b + 5681. Calculate w(-4).
-255
Let u(n) = -n**2 - 2926*n + 179157. Calculate u(60).
-3
Let t(o) = 6*o**2 - 919*o + 306. Calculate t(153).
153
Let o(y) = -945*y + 57530. Calculate o(61).
-115
Let b(i) = -3*i**3 + 21*i**2 - 49*i + 314. What is b(7)?
-29
Let u(x) = 3667*x + 14371. What is u(-4)?
-297
Let m(n) = -4*n**3 + 95*n**2 - 1574. Determine m(23).
13
Let h(q) = -18*q**2 - 1020*q - 3479. Give h(-53).
19
Let c(x) = -562*x + 20917. Calculate c(37).
123
Let s(g) = -g**2 - 45*g + 428. Calculate s(-34).
802
Let x(c) = -111*c**2 - 2549*c + 27. Give x(-24).
-2733
Let l(r) = -2*r**3 + 8*r**2 + 464*r + 329. Determine l(-13).
43
Let j(m) = 3191*m + 15717. Calculate j(-5).
-238
Let y(m) = 2*m**3 + 102*m**2 - 71*m + 77. What is y(-52)?
-1639
Let z(l) = -9*l**2 - 1122*l + 1556. Determine z(-126).
44
Let h(z) = 1033*z - 30932. Give h(30).
58
Let w(y) = 13*y**2 + 755*y + 79. What is w(-58)?
21
Let t(z) = -4212*z - 37756. Calculate t(-9).
152
Let u(m) = -2740*m + 6337. What is u(2)?
857
Let s(j) = 5*j**2 + 387*j - 14353. What is s(-105)?
137
Let v(x) = 2*x**3 + 8*x**2 + 250*x + 2234. Determine v(-9).
-826
Let i(z) = 789*z + 98040. Calculate i(-123).
993
Let f(i) = i**3 + 162*i**2 + 282*i - 6608. Calculate f(-160).
-528
Let x(z) = -241201*z + 241197. Give x(1).
-4
Let g(t) = 3*t**2 - 513610*t - 2054491. Give g(-4).
-3
Let t(c) = -11*c**2 - 14*c + 60. Give t(-5).
-145
Let a(y) = -9*y**3 - 1539*y**2 + 3112*y - 183. Determine a(-173).
163
Let y(v) = 1019*v**2 - 33616*v - 220. Determine y(33).
143
Let h(b) = -6*b**2 - 235*b - 716. Give h(-35).
159
Let u(a) = 4740*a - 88198. What is u(18)?
-2878
Let x(d) = 106*d**2 - 1910*d - 57. What is x(18)?
-93
Let z(w) = 285*w + 1119. Give z(-8).
-1